
Let t = -81 + 126. What is the greatest common divisor of 65 and t?
5
Let i be 5*-3*68/(-5). Let c = -399304 - -399316. What is the greatest common divisor of i and c?
12
Suppose -36*c + 4976 = -20*c. Let w = c - 295. Calculate the greatest common divisor of 36 and w.
4
Let n be -4 + 18/(7 - 1). Let m(d) = -39*d**3 - 3*d - 4. Let i be m(n). Calculate the greatest common divisor of i and 266.
38
Suppose 0 = -13*h + 11*h - 4*q + 44, 4*h - 33 = 3*q. Calculate the highest common divisor of 8 and h.
4
Let c = -1 + 0. Let k be 248*(c - (-12)/8). Suppose 0*f + 46 = f - 4*r, r = 4*f - k. What is the highest common factor of 45 and f?
15
Let b = 4676 + -4379. What is the highest common factor of 11 and b?
11
Let p = 37 - 16. Let f be 3*(3 + -2)*p. Calculate the highest common factor of 7 and f.
7
Suppose 6*p - 90 = 9*p. Let w be (69/(-9))/(1/p). Let j(l) = l**3 - 12*l**2 - 8*l + 219. Let v be j(11). Calculate the greatest common factor of w and v.
10
Let c(q) = -4*q**2 - 144*q - 246. Let x be c(-34). What is the highest common factor of x and 15262?
26
Suppose 5*w - 31 = f + 4, -5*f + w = -17. Calculate the highest common factor of f and 3030.
5
Suppose 8*d - 5*d = 17309 + 547. What is the highest common divisor of 16 and d?
16
Let y(t) = 13*t + t - 2*t + 6*t + 3*t + 42. Let w be y(16). What is the highest common divisor of 108 and w?
54
Let v be 27*16/(-20)*(-5)/(-2). Let k = 58 + v. Suppose -2*h = -0*o + 5*o - 135, k*h = o - 49. What is the highest common factor of o and 29?
29
Let x = -30352 - -30388. Let y(w) = -w**3 - 11*w**2 + 11*w + 8. Let h be y(-12). Calculate the greatest common factor of h and x.
4
Let k(t) = t**3 + 2. Let u be k(4). Suppose -4*n + u = -78. Suppose 58*z = -122*z + 193*z - 312. Calculate the highest common divisor of z and n.
12
Let f(z) = -z**3 + 34*z**2 - 102*z + 5704. Let h be f(35). Suppose -u = 3*u - 36. Calculate the highest common divisor of h and u.
9
Let s(d) = -d**3 - 26*d**2 - 27*d - 33. Let h be s(-25). Suppose 13*b + 8 = h*b. Suppose 0 = -5*j + 2 + 48. What is the highest common factor of j and b?
2
Let p(s) = -s**3 + 7*s**2 + 19*s + 20. Let c be p(11). Let m be (-2)/17 - 3325/c*3. Calculate the highest common divisor of m and 169.
13
Let r = 24 - 22. Suppose 8*t = -r*t + 2100. Suppose 3*b - t = -63. Calculate the highest common divisor of b and 7.
7
Suppose 4*s + 4*j - 292 = 0, 4*s + 0*s - 292 = 3*j. What is the highest common divisor of s and 2?
1
Suppose 0*n = 3*n + 12. Let w be 23 - (-2)/4*n. Let f be (2 + -4 - w)*-1. Calculate the greatest common divisor of f and 184.
23
Let i(j) = -j**3 + 5*j**2 - j + 8. Let c be i(5). Suppose 4*b + w + 19 = 48, 15 = c*w. What is the greatest common divisor of 264 and b?
6
Let b = 2985 + -2929. What is the highest common divisor of b and 6104?
56
Let s = 3603 + -3587. What is the highest common divisor of 3 and s?
1
Suppose 151 - 232 = -27*v + 216. Calculate the greatest common factor of 6 and v.
1
Suppose 5*x + 2*k = -1586 + 9379, -4*x - 4*k = -6244. Suppose -3*t = -6*t + x. Suppose -3*y + t = -258. Calculate the greatest common divisor of 37 and y.
37
Suppose 77 + 58 = 27*d. Let u(y) = y**2 + 16*y - 53. Let n be u(d). What is the highest common factor of 12 and n?
4
Let r(f) = f**2 - 21*f - 30. Let t be r(23). Suppose 0 = -23*n + 3750 + 1586. Calculate the greatest common divisor of t and n.
8
Suppose -3*r + 37*l = 38*l - 142, 0 = 2*r - 5*l - 106. Calculate the highest common factor of 5784 and r.
24
Let c(x) = 3*x**2 - 22*x - 223. Let q be c(21). Calculate the greatest common divisor of q and 22.
22
Let o be (-9)/(270/(-12)) - (-18)/5. Suppose 2*t + 256 = 4*t. Suppose i - t = -2*v + 4*i, 0 = v - o*i - 74. What is the highest common divisor of v and 145?
29
Let q(a) = -a**3 + 9*a**2 - 3*a + 3. Let t be q(-7). Let h = -786 + t. What is the greatest common factor of h and 1826?
22
Let k = -6075 + 10725. Calculate the greatest common factor of 150 and k.
150
Let a(z) = 94*z**2 - 17*z - 32. Let s be a(6). What is the greatest common divisor of s and 26?
26
Suppose -k = -4*k + 3, -4*l = 3*k - 207. Let n = l + -47. Let p be n/5*(-1350)/(-36). Calculate the highest common divisor of p and 6.
6
Let k = -48 - -54. Let a be ((-39)/(-4))/(k/16). Let h be a/(((-8)/100)/((-4)/5)). What is the highest common factor of h and 52?
52
Let m be 6/(126/18795) - -5. What is the highest common divisor of m and 36?
36
Let w be (-15)/(-1)*(-84)/(-35). Suppose 57*y - 34*y - 6624 = 0. Calculate the greatest common factor of w and y.
36
Suppose c - 5*c - 6*c = -4510. Calculate the greatest common divisor of c and 77.
11
Let w = 219 + -171. Let r = 76 - w. Calculate the highest common divisor of 308 and r.
28
Let b(w) = -w**3 + 14*w**2 - 12*w + 40. Let p be b(14). Let f = -113 - p. What is the greatest common factor of 30 and f?
15
Let s be 22/(-55) + 5/(75/96). Suppose 0 = 2*u - s*u + 84. Calculate the highest common divisor of u and 609.
21
Suppose -470 = 69*a - 59*a. Let f = 41 - a. What is the highest common divisor of 24 and f?
8
Let p be ((-4422)/(-1005))/((-2)/(-310)*2). What is the highest common divisor of 33 and p?
11
Let w(t) = 16*t + 1250. Let s be w(10). Calculate the highest common factor of 240 and s.
30
Let n be -10*(-1 + 0)*-1. Let g = n + 12. Suppose 3*b = -3*r + 24, g*r + b + 3 = 23. What is the highest common factor of r and 18?
6
Let d = 7901 - 5956. Calculate the highest common factor of d and 5.
5
Suppose -75919*w - 840 = -75933*w. Calculate the greatest common divisor of 570 and w.
30
Suppose -14*o - 14 = -16*o. Suppose 14*u = 15*u + o. Let g be (-1)/((-1)/4) + 4 + u. Calculate the highest common divisor of 10 and g.
1
Let l be (-1 + 21)/(951/(-3170)*25/(-21)). Let j = -19 + 33. Calculate the greatest common factor of j and l.
14
Let t be (-2)/4 + (-185931)/1132*2/(-3). What is the highest common divisor of t and 11227?
109
Suppose 2*k + 3*k - 170 = 0. Let d be (-112)/(-6)*72471/5684. What is the highest common divisor of d and k?
34
Suppose 0 = -5*g + 22*g - 2261. Let w = 392 - g. What is the highest common divisor of 74 and w?
37
Let o = -26938 + 46774. What is the greatest common divisor of o and 87?
87
Let m be (512 - 0) + ((-34)/(-17) - 8). What is the highest common divisor of 22 and m?
22
Let q be (3 + 0 + 0/3)*2256/423. Let b(t) = t**2 + t + 128. Let m be b(0). Calculate the highest common divisor of q and m.
16
Let d = -13655 - -24233. Calculate the greatest common factor of d and 1032.
258
Suppose -9*q + 11246 = 31*q + 86. What is the greatest common divisor of q and 248?
31
Let s be 14/(-2)*(-10)/7. Let i be 154/(-66) + (-1417)/(-3). Calculate the highest common factor of s and i.
10
Suppose -5 - 4 = -3*j + 2*z, -2*j - 3*z = -6. Suppose -j*v - 1 + 84 = -4*n, -3*v + n = -86. Calculate the greatest common divisor of v and 377.
29
Let a(l) = -2*l**3 + 6*l**2 + 6*l - 11. Let z(r) = 2*r**2 + r. Let o be z(1). Let j be a(o). What is the highest common factor of j and 21?
7
Let h = 10085 - 9440. Calculate the highest common divisor of h and 5590.
215
Let k be (1 + 1)/(3*(-4)/120). Let g be (2 + k/8)*-88. Calculate the greatest common factor of 16 and g.
4
Let y(a) = -a**3 - 6*a - 7. Let l be y(0). Let o be (9/6)/(1 + l/10). Calculate the highest common factor of o and 3.
1
Let s(i) = 5*i - 19. Let a be s(-7). Let l be 2/12 - (-2817)/a. Let j = 87 + l. Calculate the greatest common factor of j and 5.
5
Suppose -4*z - 3*h = -4*h - 350, -5*h + 98 = z. What is the highest common divisor of 29348 and z?
44
Suppose -18 = -4*s + 3*b, -5*s - 3*b + 8*b = -20. Let g(d) = 15 - 11 + s*d - 5*d. Let z be g(-2). What is the greatest common divisor of 10 and z?
2
Let m be (-3942)/(-63) - 6/(-14). Suppose -h - 6 + m = 0. What is the greatest common divisor of h and 247?
19
Let h(g) = 9*g**2 + 10*g + 43. Let v = 218 - 222. Let n be h(v). Let u be 7/(1*(-3)/(-9)). What is the highest common divisor of n and u?
21
Let q(p) = 339*p**3 - p**2 - 32*p + 111. Let u be q(3). Calculate the highest common divisor of u and 129.
129
Suppose -3*p = g - 8*p - 119, g = 2*p + 140. Calculate the highest common factor of 10934 and g.
154
Let n = -24761 + 24763. Let m(p) = -6*p**3 - 2*p**2 - 2*p - 1. Let u be m(-1). Calculate the greatest common factor of n and u.
1
Let h = 201 - 141. Let a(u) = -u**3 